t is m(14)?
-18
Let p be (-8 + 3/((-150)/(-260)))*(-15)/6. Let l(i) = i**2 + i + 21. Calculate l(p).
77
Suppose 3*b = -4*n - 133, 2*n - 2*b = -3*b - 67. Let s = n + 129. Let q = s + -101. Let k(i) = i**2 + 5*i - 12. Calculate k(q).
-6
Let y(f) = -f**2 - 10*f + 13. Let z(c) = -5*c + 4. Let p be z(3). Let x be y(p). Let a(q) = 90*q + 1. Let d(t) = -101*t - 1. Let r(u) = a(u) + d(u). Give r(x).
-22
Let i be (-60)/(-5) - (5 - 0). Let y = i - 5. Let h(x) be the third derivative of -x**6/120 + x**5/30 - x**4/24 - x**3/3 - x**2. Determine h(y).
-4
Suppose 42*y - 41*y = 12. Let d(w) = 8 - 3 + 7*w**2 - w**3 - y - 6 + 2*w + 5. Let z(b) = b**3 + 4*b**2 + 2*b + 4. Let n be z(-3). Give d(n).
6
Suppose -2*f = -3*f + 2. Let b(u) = -491*u**2 + 3 + 980*u**2 - 4 - 487*u**f. Give b(-2).
7
Let l(y) = y**3 + y - 9. Let t be -2*2/4 - 12. Let h(u) = -u**3 - 12*u**2 + 17*u + 28. Let z be h(t). Let j = 24 + z. Determine l(j).
-9
Let w(r) be the first derivative of r**4/4 + 4*r**3 - 5*r**2/2 - 23*r - 4971. Calculate w(-12).
37
Let k(m) = 1 + 3*m**3 + 0*m - 2*m**3 + 4*m**2 + 4*m. Let o(v) = v**2 - 74*v + 1341. Let b be o(32). Determine k(b).
-2
Suppose 21*c + 461 = 776. Let y(m) = -6*m - 33. Give y(c).
-123
Let b(s) = 13*s + 3. Let o be 2/(-8)*(1 - 21) + -8. What is b(o)?
-36
Let a(r) = -8*r + 46. Let i(f) = 8*f - 45. Let n(q) = -2*a(q) - 3*i(q). Let j be n(5). Let b(k) = -k**3 - k + 2. Give b(j).
-28
Suppose 0 = -5*r - b + 7, -5*r - 4*b + 18 - 35 = 0. Let i(v) be the third derivative of -1/3*v**r + 1/60*v**5 - 1/6*v**4 - 16*v**2 + 0*v + 0. What is i(4)?
-2
Let v(n) = -5*n**3 + 19*n**2 + n - 130. Let l(g) = -g**3 + 4*g**2 - 25. Let u(x) = -11*l(x) + 2*v(x). What is u(5)?
0
Let i(k) = 10*k**2 + 23*k - 170. Let w(d) = -2*d**2 - d + 22. Let x(a) = -i(a) - 4*w(a). Determine x(5).
-63
Let q be ((-6405)/(-175))/((-2)/(-10)). Let r = q + -177. Let j(w) = 5*w - 7. Let a(x) = -9*x + 13. Let l(c) = 6*a(c) + 11*j(c). Calculate l(r).
7
Let t(l) = -81*l + 1210. Let b be t(15). Let q(a) = -4*a - 25. Determine q(b).
-5
Let q = -2 - -4. Let t(s) be the third derivative of -s**8/20160 + s**7/5040 + 173*s**5/60 + 165*s**2. Let f(a) be the third derivative of t(a). What is f(q)?
-2
Let i = -25 - -22. Let k be (4/10)/(i/(-30)). Let m(f) = -2*f**2 + 7*f - 4. What is m(k)?
-8
Let w(h) be the third derivative of -h**7/840 - h**6/120 + h**5/60 - h**4/8 + 13*h**3/2 + 2*h**2. Let c(v) be the first derivative of w(v). Calculate c(-4).
5
Let h(f) = -35*f + 34*f**2 - 6*f**2 - 10 + 40*f - 29*f**2. Determine h(3).
-4
Let n(q) = -5*q. Let x(l) be the first derivative of 5/2*l**2 - 2*l**3 + 5*l + 11 + 1/4*l**4. Let c be x(5). Determine n(c).
-25
Let u(b) be the second derivative of -b**7/280 + b**6/120 - b**5/30 + b**4/12 + b**3/6 + 7*b**2 - 43*b. Let h(x) be the second derivative of u(x). What is h(2)?
-18
Let t = -3270 - -3265. Let v(m) = -m**3 - 3*m**2 + 7*m - 10. What is v(t)?
5
Suppose 80 = -10*w + 5*j, 4*j = -0*w + 4*w + 32. Let n(b) = -b**2 - 11*b - 11. Calculate n(w).
13
Suppose -4*o + 2*o - 8 = 0, 0 = -5*g - 5*o + 295. Let p(c) = 19*c - 20*c + 48 - g. Determine p(-14).
-1
Let s(j) = -j + 4. Let h be (-3 + -3 + 10)/((-16)/856). Let q = 206 + h. Calculate s(q).
12
Let c(g) be the third derivative of 29*g**4/24 + 4*g**3/3 + 689*g**2 + 2*g. Calculate c(-1).
-21
Let i(v) = -13*v + 232. Let h be i(8). Let m(y) = 124 + y**3 - 254 + y + h + 3*y - 4*y**2. Calculate m(2).
-2
Let t = 20869 + -20878. Let i(z) = 6*z**3 + 14*z**2 + 5*z + 1. Let w(p) = p**3 + p**2 + p + 1. Let v(k) = -i(k) + 5*w(k). What is v(t)?
4
Let n(v) = v**3 - v**2 - 2. Let m(y) = y**3 - 20*y**2 - 4*y + 35. Let s be m(20). Let w be 5/(s/2) + (-4)/(-18). Calculate n(w).
-2
Let o(t) = 7*t - 65 + 2*t - 14 + t**2 - 16 + 49. What is o(-13)?
6
Let r = -32801 + 32803. Let m(a) be the second derivative of 17/2*a**r + 0 - 1/6*a**3 + 27*a. Calculate m(0).
17
Let h(k) = -3*k + 2. Let r(j) = -j**3 + 19 + 2*j**3 - 9*j**2 - 3 - 9*j**2 - 20*j. Let f be r(19). Give h(f).
11
Let f be 8/(-76) + (-153)/171. Let q(x) be the third derivative of -x**6/15 + x**5/60 + x**2. Give q(f).
9
Let t(z) be the second derivative of z - z**2 - 12 - 5/12*z**4 - 1/20*z**5 - 1/2*z**3. Let b be 7/(28/(-8)) - 2. Calculate t(b).
-6
Let i(n) = -n**2 + 5*n + 6. Let m(k) = 9*k**2 - 17*k. Let a be m(2). Let v be 192/33 + 20/(-11) + a. Give i(v).
0
Suppose b + 1 + 80 = 0. Let h be (-1 - 1)/(-7 - 549/b). Let k(q) = q**2 - 10*q + 4. Give k(h).
-5
Let a(q) be the first derivative of -q**4/4 + q**3/3 + 3*q**2/2 - 3*q + 459. What is a(3)?
-12
Suppose 0 = -d - 3*a - a + 130, -4*a - 20 = 0. Let v = 155 - d. Let u(k) = -k - 7. Calculate u(v).
-12
Let h(v) = -2 - 5 + v**2 + 19*v - 7 + 30 - 13. Calculate h(-20).
23
Let i(q) = -q**2 + 3*q + 5. Suppose -5*d + 7 + 48 = 0. Suppose -d*t + 32 = -23. Give i(t).
-5
Let l(b) = 172*b - 19100. Let z be l(111). Let q(u) = -5*u + 3*u + 8 - u**2 - 6*u. What is q(z)?
8
Let u(w) = w**3 + 4*w**2 - 5*w + 0*w**2 - 6 + 1. Suppose -10*o = 13*o - 0*o + 115. Determine u(o).
-5
Let f(k) = -184 + 29*k**2 - 15*k**2 - 15*k**2 + 10 + 31*k. Calculate f(7).
-6
Let y be (-4)/(-1)*882/168. Let u(f) = -9*f - 33 + 19*f + y*f**2 + 32 - 10*f. Calculate u(-1).
20
Suppose 14 = 3*d - d. Let x(u) = -u**3 - 6 + d*u**2 + 8*u + 6*u - 5*u. Let o(r) = r**3 - 4*r**2 - 2*r - 7. Let k be o(5). Give x(k).
2
Let n(j) = -6*j**3 + 8*j**2 + 16*j + 26. Let m(l) = -5*l**3 + 8*l**2 + 14*l + 25. Let v(h) = -7*m(h) + 6*n(h). Calculate v(-8).
-3
Suppose 3*r + 5*t - 2 = 0, 4 = 2*t + 2*t. Let a be (r/8*6)/(1/(-4)). Suppose a*p - 24 = -9*p. Let j(w) = w**3 - 2*w**2 + 4*w - 2. Calculate j(p).
6
Let x(v) = 25*v + 30. Let h(j) = 34*j + 30. Let q(u) = 3*h(u) - 4*x(u). Give q(23).
16
Suppose -18*n + 237 = 75. Let u(y) = y - 5. Calculate u(n).
4
Let b = 0 - 0. Let h(u) be the third derivative of 0 + 0*u - 1/120*u**6 + 1/24*u**4 + 3*u**3 - 31*u**2 + 0*u**5. Calculate h(b).
18
Suppose 4*w = -3*m - 0*w - 13, 4*w + 1 = m. Let h(p) = 1257 - p**2 - 628 + 1104*p - 632 - 1108*p. What is h(m)?
0
Let n(a) be the second derivative of -1/2*a**2 + 1/6*a**3 - 1/20*a**5 + 2 - 5*a + 1/2*a**4. Determine n(6).
5
Let d(g) = 6*g + 29. Suppose -4*p - 1 - 1 = -2*w, 0 = -2*p + 4. Suppose 0 = -c + 3*l - 2*l - 1, w*c = -4*l - 50. What is d(c)?
-7
Let c(n) be the first derivative of -3*n + n**2 + 1/3*n**3 + 42. Let o = 0 - -2. Determine c(o).
5
Let i be (4/6)/((-2)/(-3)). Suppose 0 = -4*s + 4*v + 44, -4*s + 5*v + 32 = -17. Let d(y) = -s - 2*y + 4 + i + 2. Give d(1).
-1
Let h(o) = -o**3 - 10*o**2 + 3. Let t(s) be the first derivative of -13*s - 1/2*s**2 + 32. Let d be t(-3). Calculate h(d).
3
Let c(v) = -11*v**3 + 4*v**2 - 2*v. Let w be c(1). Let m(d) be the third derivative of -5/2*d**3 - 1/24*d**4 - 9*d**2 + 0 + 0*d. What is m(w)?
-6
Let b(o) = o**2 + 14*o - 8. Let k(u) = 2*u**2 + 31*u - 16. Let i(y) = -5*b(y) + 2*k(y). Let a(n) = -7*n + 96. Let z be a(15). Give i(z).
-1
Let k(b) be the third derivative of -b**6/40 - 7*b**5/60 - b**4/4 - 2*b**3/3 - 1621*b**2. Determine k(-2).
4
Let h(u) = -7*u**2 - 52*u - 11. Let o be h(-7). Let s(r) = -13*r + 9*r - 7*r + o*r + 15 + r**2. What is s(0)?
15
Let m(v) = 742 + 878 + 76*v + 1196 - 3270. Determine m(6).
2
Let s(c) = 5*c + 7 + 1 - 4 - 11*c - 3. Suppose 22*b - 68 = -12*b. Determine s(b).
-11
Let x(u) be the second derivative of -5*u**3/3 + u**2 - 13*u. Suppose 786*v - 782*v - 4 = 0. Determine x(v).
-8
Let j(c) = c**2 + 21*c + 20. Let u(p) = 2*p**2 + 40*p + 33. Let z(n) = 11*j(n) - 6*u(n). Calculate z(-10).
12
Let p(g) = 26*g - 56. Let z(r) = 73*r - 168. Let s(u) = 11*p(u) - 4*z(u). Give s(11).
-10
Let u(d) = 4*d**2 - 22*d - 24. Let t be u(-1). Let q(w) be the second derivative of 3/2*w**t - 4/3*w**3 + 0 - 15*w + 1/12*w**4. Calculate q(3).
-12
Let g(a) = -a + 13. Suppose 25*p - 21*p - 20 = -6*u, -2*u + 12 = 2*p. Determine g(p).
5
Let o = 916/375 - 222/125. Let s(t) be the second derivative of -o*t**4 - 1/20*t**5 + 1/3*t**3 - 32*t + 0 + 5*t**2. Give s(-8).
-6
Let k(w) = 8*w - 87. Let x = -753 - -763. Give k(x).
-7
Let v(f) = 4*f**2 + 8*f - 8. Let n(x) = 10*x + 936. Let g be n(-94). Determine v(g).
24
Let b(u) be the third derivative of -u**6/120 - u**5/12 - u**4/24 + 5*u**3/6 + 4*u**2. Let v = -1202 - -1197. What is b(v)?
10
Let w(f) = f - 2. Suppose q + 107 = 10. Let k = 146 + q. Let d